factors of 490236048.
2, 3, 347, 9811
What are the prime factors of 28943989?
53, 73, 7481
List the prime factors of 418040238.
2, 3, 7, 11, 43, 1913
List the prime factors of 309522775.
5, 12380911
What are the prime factors of 68499878?
2, 1549, 22111
List the prime factors of 109862764.
2, 11, 43, 58067
What are the prime factors of 2717285047?
15377, 176711
What are the prime factors of 245545525?
5, 9821821
What are the prime factors of 245503950?
2, 3, 5, 53, 30881
List the prime factors of 54648403.
89, 157, 3911
What are the prime factors of 8442076064?
2, 97, 2719741
List the prime factors of 56707715.
5, 41, 276623
List the prime factors of 593196.
2, 3, 49433
What are the prime factors of 230483547?
3, 7, 19, 167, 1153
What are the prime factors of 2788300189?
23, 73, 1660691
List the prime factors of 3968433032.
2, 22093, 22453
What are the prime factors of 3404252439?
3, 7, 19, 2843987
List the prime factors of 49182768.
2, 3, 17, 37, 181
What are the prime factors of 51781130?
2, 5, 37, 349, 401
What are the prime factors of 12615185?
5, 11, 347, 661
List the prime factors of 445402264.
2, 55675283
List the prime factors of 2979660689.
53, 56220013
What are the prime factors of 110496821?
17, 83, 78311
List the prime factors of 73332940.
2, 5, 3666647
List the prime factors of 8102522.
2, 4051261
List the prime factors of 48290745.
3, 5, 263, 12241
List the prime factors of 30942592.
2, 241739
What are the prime factors of 359460344?
2, 44932543
List the prime factors of 38733293.
17, 2278429
List the prime factors of 2429244333.
3, 269916037
List the prime factors of 1308275169.
3, 89, 4899907
List the prime factors of 5932685507.
7, 8111, 104491
List the prime factors of 55597624.
2, 23, 43, 7027
List the prime factors of 5203271486.
2, 7, 19, 2794453
What are the prime factors of 41851617?
3, 67, 208217
List the prime factors of 76196701.
7, 97, 293, 383
What are the prime factors of 7508413166?
2, 3754206583
What are the prime factors of 149330960?
2, 5, 1866637
What are the prime factors of 407212767?
3, 13, 267727
What are the prime factors of 4805288134?
2, 2549, 942583
What are the prime factors of 300786073?
7, 1061, 40499
What are the prime factors of 432990621?
3, 7, 6872867
List the prime factors of 85836452.
2, 13, 19, 41, 163
List the prime factors of 11549991.
3, 3849997
What are the prime factors of 29292787?
29292787
List the prime factors of 58740149.
13, 139, 32507
What are the prime factors of 3319120477?
17, 195242381
What are the prime factors of 2471937824?
2, 193, 400249
What are the prime factors of 1555185021?
3, 13, 47, 89, 9533
List the prime factors of 121380437.
179, 678103
List the prime factors of 3298883870.
2, 5, 73, 4519019
What are the prime factors of 64617251?
64617251
What are the prime factors of 289477149?
3, 13, 23, 53, 6089
What are the prime factors of 23101861?
17, 1358933
List the prime factors of 19955880.
2, 3, 5, 7, 7919
What are the prime factors of 55977111?
3, 6219679
List the prime factors of 1295270988.
2, 3, 11, 37, 265207
List the prime factors of 91665440.
2, 5, 572909
List the prime factors of 6173445540.
2, 3, 5, 293, 433, 811
What are the prime factors of 534116096?
2, 509, 4099
What are the prime factors of 972578465?
5, 194515693
What are the prime factors of 95447666?
2, 191, 249863
What are the prime factors of 231712950?
2, 3, 5, 7, 73, 3023
List the prime factors of 114004012.
2, 28501003
List the prime factors of 8625210100.
2, 5, 13, 17, 390281
List the prime factors of 199106224.
2, 12444139
List the prime factors of 16744960.
2, 5, 31, 211
List the prime factors of 204734279.
41, 1601, 3119
What are the prime factors of 887703529?
881, 1007609
List the prime factors of 40263517.
7, 41, 53, 2647
List the prime factors of 5427561818.
2, 7, 151, 2567437
List the prime factors of 670386022.
2, 12799, 26189
What are the prime factors of 288307530?
2, 3, 5, 7, 23, 101, 197
List the prime factors of 106497876.
2, 3, 281, 31583
List the prime factors of 3037974096.
2, 3, 37, 269, 6359
What are the prime factors of 176080757?
67, 137, 19183
List the prime factors of 33490912.
2, 7, 13, 31, 53
What are the prime factors of 17598856?
2, 11, 227, 881
List the prime factors of 114917621.
7, 13, 53, 23827
What are the prime factors of 1506494949?
3, 53, 9474811
What are the prime factors of 4148417?
7, 13, 45587
What are the prime factors of 153193594?
2, 163, 469919
List the prime factors of 257252582.
2, 139, 925369
List the prime factors of 375348189.
3, 29, 61, 107, 661
List the prime factors of 466533770.
2, 5, 1499, 31123
What are the prime factors of 1412476270?
2, 5, 73, 113, 17123
What are the prime factors of 21976769?
4057, 5417
List the prime factors of 3446215435.
5, 13, 17, 29, 41, 43, 61
List the prime factors of 93896126.
2, 863, 54401
List the prime factors of 8019779028.
2, 3, 139, 4808021
What are the prime factors of 871382992?
2, 149, 365513
What are the prime factors of 1860124067?
14561, 127747
What are the prime factors of 40386704?
2, 19, 132851
What are the prime factors of 655373318?
2, 327686659
What are the prime factors of 751692106?
2, 11, 881, 38783
List the prime factors of 67808662.
2, 33904331
What are the prime factors of 138149239?
43, 1109, 2897
What are the prime factors of 561292695?
3, 5, 239, 52189
List the prime factors of 107902905.
3, 5, 11, 83, 7879
What are the prime factors of 1938821219?
17, 114048307
What are the prime factors of 1427539292?
2, 491, 726853
List the prime factors of 8547331.
13, 337, 1951
List the prime factors of 12111539.
11, 809, 1361
What are the prime factors of 46723819?
46723819
List the prime factors of 110493690.
2, 3, 5, 593, 6211
List the prime factors of 166405534.
2, 19, 277, 15809
List the prime factors of 2588846278.
2, 509, 563, 4517
What are the prime factors of 41056767?
3, 1520621
List the prime factors of 1081255589.
32693, 33073
List the prime factors of 498563605.
5, 99712721
List the prime factors of 128414259.
3, 467, 30553
What are the prime factors of 721706547?
3, 107, 137, 16411
What are the prime factors of 6212580985?
5, 13, 95578169
List the prime factors of 69649600.
2, 5, 101, 431
What are the prime factors of 6237581254?
2, 6359, 490453
List the prime factors of 563686110.
2, 3, 5, 13, 19, 25357
What are the prime factors of 5170664356?
2, 11, 13, 9039623
List the prime factors of 5922507942.
2, 3, 13, 2812207
List the prime factors of 3999418769.
3999418769
What are the prime factors of 50880501?
3, 7, 269209
What are the prime factors of 88832435?
5, 2591, 6857
List the prime factors of 2029432023.
3, 89, 521, 1621
List the prime factors of 134825077.
37, 3643921
What are the prime factors of 2565559021?
37, 69339433
List the prime factors of 1231206698.
2, 23, 26765363
List the prime factors of 90248891.
257, 433, 811
List the prime factors of 1891802157.
3, 7, 43, 211, 9929
List the prime factors of 638637907.
3733, 171079
What are the prime factors of 457256492?
2, 7, 11, 101, 14699
List the prime factors of 18723562.
2, 11, 13, 17, 3851
List the prime factors of 954862508.
2, 238715627
What are the prime factors of 1031812335?
3, 5, 149, 153887
List the prime factors of 1954832607.
3, 7, 13, 340979
What are the prime factors of 184322485?
5, 47, 784351
List the prime factors of 117646168.
2, 79, 186149
What are the prime factors of 2364296?
2, 11, 67, 401
List the prime factors of 71543988.
2, 3, 1987333
List the prime factors of 301335602.
2, 150667801
What are the prime factors of 49993589?
49993589
List the prime factors of 1793480200.
2, 5, 23, 31, 12577
What are the prime factors of 5864807?
13, 34703
List the prime factors of 1131872699.
17, 71, 659, 1423
List the prime factors of 97617849.
3, 7, 664067
What are the prime factors of 45363559?
45363559
What are the prime factors of 6313162823?
11, 17, 33760229
What are the prime factors of 5703446122?
2, 11, 41, 6323111
What are the prime factors of 42614141?
107, 449, 887
What are the prime factors of 2268364518?
2, 3, 7, 3539, 5087
List the prime factors of 214359922.
2, 7, 673, 22751
List the prime factors of 3324047128.
2, 17, 2861, 8543
What are the prime factors of 727484932?
2, 89, 2043497
What are the p